{"id":8915,"date":"2024-01-25T16:25:35","date_gmt":"2024-01-25T15:25:35","guid":{"rendered":"https:\/\/www.sskb.sk\/2022\/?page_id=8915"},"modified":"2024-10-04T08:58:33","modified_gmt":"2024-10-04T07:58:33","slug":"zapisnice-2024","status":"publish","type":"page","link":"https:\/\/www.sskb.sk\/2022\/sskb-2\/vybor-sskb\/zapisnice\/zapisnice-2024\/","title":{"rendered":"Z\u00e1pisnice 2024"},"content":{"rendered":"\t\t<div data-elementor-type=\"wp-page\" data-elementor-id=\"8915\" class=\"elementor elementor-8915\" data-elementor-post-type=\"page\">\n\t\t\t\t\t\t<section class=\"elementor-section elementor-top-section elementor-element elementor-element-4370dd35 elementor-section-boxed elementor-section-height-default elementor-section-height-default\" data-id=\"4370dd35\" data-element_type=\"section\" data-e-type=\"section\">\n\t\t\t\t\t\t<div class=\"elementor-container elementor-column-gap-default\">\n\t\t\t\t\t<div class=\"elementor-column elementor-col-50 elementor-top-column elementor-element elementor-element-2435439e\" data-id=\"2435439e\" data-element_type=\"column\" data-e-type=\"column\">\n\t\t\t<div class=\"elementor-widget-wrap elementor-element-populated\">\n\t\t\t\t\t\t<section class=\"elementor-section elementor-inner-section elementor-element elementor-element-70954846 elementor-section-boxed elementor-section-height-default elementor-section-height-default\" data-id=\"70954846\" data-element_type=\"section\" data-e-type=\"section\">\n\t\t\t\t\t\t<div class=\"elementor-container elementor-column-gap-default\">\n\t\t\t\t\t<div class=\"elementor-column elementor-col-100 elementor-inner-column elementor-element elementor-element-7c65fcf1\" data-id=\"7c65fcf1\" data-element_type=\"column\" data-e-type=\"column\">\n\t\t\t<div class=\"elementor-widget-wrap elementor-element-populated\">\n\t\t\t\t\t\t<div class=\"elementor-element elementor-element-4d640576 elementor-nav-menu__align-start elementor-nav-menu--dropdown-none elementor-widget elementor-widget-nav-menu\" data-id=\"4d640576\" data-element_type=\"widget\" data-e-type=\"widget\" data-settings=\"{&quot;layout&quot;:&quot;vertical&quot;,&quot;submenu_icon&quot;:{&quot;value&quot;:&quot;&lt;i class=\\&quot;\\&quot; aria-hidden=\\&quot;true\\&quot;&gt;&lt;\\\/i&gt;&quot;,&quot;library&quot;:&quot;&quot;}}\" data-widget_type=\"nav-menu.default\">\n\t\t\t\t<div class=\"elementor-widget-container\">\n\t\t\t\t\t\t\t\t<nav aria-label=\"Menu\" class=\"elementor-nav-menu--main elementor-nav-menu__container elementor-nav-menu--layout-vertical e--pointer-background e--animation-grow\">\n\t\t\t\t<ul id=\"menu-1-4d640576\" class=\"elementor-nav-menu sm-vertical\"><li class=\"menu-item menu-item-type-post_type menu-item-object-page menu-item-4293\"><a href=\"https:\/\/www.sskb.sk\/2022\/sskb-2\/\" class=\"elementor-item\">Slovensk\u00e1 spolo\u010dnos\u0165 klinickej bioch\u00e9mie<\/a><\/li>\n<li class=\"menu-item menu-item-type-post_type menu-item-object-page menu-item-4298\"><a href=\"https:\/\/www.sskb.sk\/2022\/sskb-2\/vybor-sskb\/\" class=\"elementor-item\">V\u00fdbor SSKB<\/a><\/li>\n<li class=\"menu-item menu-item-type-post_type menu-item-object-page menu-item-4294\"><a href=\"https:\/\/www.sskb.sk\/2022\/sskb-2\/revizna-komisia\/\" class=\"elementor-item\">Dozorn\u00e1 rada<\/a><\/li>\n<li class=\"menu-item menu-item-type-post_type menu-item-object-page menu-item-4452\"><a href=\"https:\/\/www.sskb.sk\/2022\/sskb-2\/vybor-sskb\/vysledky-volieb\/\" class=\"elementor-item\">V\u00fdsledky volieb<\/a><\/li>\n<li class=\"menu-item menu-item-type-post_type menu-item-object-page menu-item-4295\"><a href=\"https:\/\/www.sskb.sk\/2022\/sskb-2\/spravy-o-hospodareni\/\" class=\"elementor-item\">Spr\u00e1vy o hospod\u00e1ren\u00ed a \u010dinnosti<\/a><\/li>\n<li class=\"menu-item menu-item-type-post_type menu-item-object-page menu-item-4296\"><a href=\"https:\/\/www.sskb.sk\/2022\/sskb-2\/prihlaska\/\" class=\"elementor-item\">Prihl\u00e1\u0161ka za \u010dlena SSKB<\/a><\/li>\n<li class=\"menu-item menu-item-type-post_type menu-item-object-page menu-item-4297\"><a href=\"https:\/\/www.sskb.sk\/2022\/sskb-2\/cena-profesora-ivana-pechana-sskb\/\" class=\"elementor-item\">Cena profesora Ivana Pech\u00e1\u0148a SSKB<\/a><\/li>\n<li class=\"menu-item menu-item-type-post_type menu-item-object-post menu-item-10585\"><a href=\"https:\/\/www.sskb.sk\/2022\/cena-arnolda-beckmana\/\" class=\"elementor-item\">Cena Arnolda Beckmana<\/a><\/li>\n<li class=\"menu-item menu-item-type-post_type menu-item-object-page menu-item-6979\"><a href=\"https:\/\/www.sskb.sk\/2022\/sskb-2\/historia-sskb\/\" class=\"elementor-item\">Hist\u00f3ria SSKB<\/a><\/li>\n<\/ul>\t\t\t<\/nav>\n\t\t\t\t\t\t<nav class=\"elementor-nav-menu--dropdown elementor-nav-menu__container\" aria-hidden=\"true\">\n\t\t\t\t<ul id=\"menu-2-4d640576\" class=\"elementor-nav-menu sm-vertical\"><li class=\"menu-item menu-item-type-post_type menu-item-object-page menu-item-4293\"><a href=\"https:\/\/www.sskb.sk\/2022\/sskb-2\/\" class=\"elementor-item\" tabindex=\"-1\">Slovensk\u00e1 spolo\u010dnos\u0165 klinickej bioch\u00e9mie<\/a><\/li>\n<li class=\"menu-item menu-item-type-post_type menu-item-object-page menu-item-4298\"><a href=\"https:\/\/www.sskb.sk\/2022\/sskb-2\/vybor-sskb\/\" class=\"elementor-item\" tabindex=\"-1\">V\u00fdbor SSKB<\/a><\/li>\n<li class=\"menu-item menu-item-type-post_type menu-item-object-page menu-item-4294\"><a href=\"https:\/\/www.sskb.sk\/2022\/sskb-2\/revizna-komisia\/\" class=\"elementor-item\" tabindex=\"-1\">Dozorn\u00e1 rada<\/a><\/li>\n<li class=\"menu-item menu-item-type-post_type menu-item-object-page menu-item-4452\"><a href=\"https:\/\/www.sskb.sk\/2022\/sskb-2\/vybor-sskb\/vysledky-volieb\/\" class=\"elementor-item\" tabindex=\"-1\">V\u00fdsledky volieb<\/a><\/li>\n<li class=\"menu-item menu-item-type-post_type menu-item-object-page menu-item-4295\"><a href=\"https:\/\/www.sskb.sk\/2022\/sskb-2\/spravy-o-hospodareni\/\" class=\"elementor-item\" tabindex=\"-1\">Spr\u00e1vy o hospod\u00e1ren\u00ed a \u010dinnosti<\/a><\/li>\n<li class=\"menu-item menu-item-type-post_type menu-item-object-page menu-item-4296\"><a href=\"https:\/\/www.sskb.sk\/2022\/sskb-2\/prihlaska\/\" class=\"elementor-item\" tabindex=\"-1\">Prihl\u00e1\u0161ka za \u010dlena SSKB<\/a><\/li>\n<li class=\"menu-item menu-item-type-post_type menu-item-object-page menu-item-4297\"><a href=\"https:\/\/www.sskb.sk\/2022\/sskb-2\/cena-profesora-ivana-pechana-sskb\/\" class=\"elementor-item\" tabindex=\"-1\">Cena profesora Ivana Pech\u00e1\u0148a SSKB<\/a><\/li>\n<li class=\"menu-item menu-item-type-post_type menu-item-object-post menu-item-10585\"><a href=\"https:\/\/www.sskb.sk\/2022\/cena-arnolda-beckmana\/\" class=\"elementor-item\" tabindex=\"-1\">Cena Arnolda Beckmana<\/a><\/li>\n<li class=\"menu-item menu-item-type-post_type menu-item-object-page menu-item-6979\"><a href=\"https:\/\/www.sskb.sk\/2022\/sskb-2\/historia-sskb\/\" class=\"elementor-item\" tabindex=\"-1\">Hist\u00f3ria SSKB<\/a><\/li>\n<\/ul>\t\t\t<\/nav>\n\t\t\t\t\t\t<\/div>\n\t\t\t\t<\/div>\n\t\t\t\t\t<\/div>\n\t\t<\/div>\n\t\t\t\t\t<\/div>\n\t\t<\/section>\n\t\t\t\t\t<\/div>\n\t\t<\/div>\n\t\t\t\t<div class=\"elementor-column elementor-col-50 elementor-top-column elementor-element elementor-element-7a42ccc5\" data-id=\"7a42ccc5\" data-element_type=\"column\" data-e-type=\"column\">\n\t\t\t<div class=\"elementor-widget-wrap elementor-element-populated\">\n\t\t\t\t\t\t<div class=\"elementor-element elementor-element-41a96b3e elementor-widget elementor-widget-text-editor\" data-id=\"41a96b3e\" data-element_type=\"widget\" data-e-type=\"widget\" data-widget_type=\"text-editor.default\">\n\t\t\t\t<div class=\"elementor-widget-container\">\n\t\t\t\t\t\t\t\t\t<h5>Z\u00e1pisnice z rokovania v\u00fdboru SSKB<\/h5><p>V tejto \u010dasti s\u00fa pre \u010dlenov SSKB k dispoz\u00edcii z\u00e1pisnice z rokovania v\u00fdboru SSKB v roku 2024.<\/p>\t\t\t\t\t\t\t\t<\/div>\n\t\t\t\t<\/div>\n\t\t\t\t<div class=\"elementor-element elementor-element-6a566b46 elementor-widget elementor-widget-text-editor\" data-id=\"6a566b46\" data-element_type=\"widget\" data-e-type=\"widget\" data-widget_type=\"text-editor.default\">\n\t\t\t\t<div class=\"elementor-widget-container\">\n\t\t\t\t\t\t\t\t\t<ul><li style=\"list-style-type: none;\"><ul><li><a href=\"https:\/\/www.sskb.sk\/2022\/wp-content\/uploads\/2024\/01\/SSKB_Vybor_zapisnica_11_01_2024_definit.pdf\">11.1.2024, online<\/a><\/li><li><a href=\"https:\/\/www.sskb.sk\/2022\/wp-content\/uploads\/2024\/01\/SSKB_Vybor_zapisnica_18_01_2024_definit.pdf\">18.1.2024, online<\/a><\/li><li><a href=\"https:\/\/www.sskb.sk\/2022\/wp-content\/uploads\/2024\/02\/SSKB_Vybor_zapisnica_8_02_2024_definit.pdf\">8.2.2024, online<\/a><\/li><li><a href=\"https:\/\/www.sskb.sk\/2022\/wp-content\/uploads\/2024\/05\/SSKB_Vybor_zapisnica_07_03_2024_definit.pdf\">\u00a07.3.2024<\/a><\/li><li><a href=\"https:\/\/www.sskb.sk\/2022\/wp-content\/uploads\/2024\/05\/SSKB_Vybor_zapisnica_25_04_2024_definit.pdf\">25.4.2024<\/a><\/li><li><a href=\"https:\/\/www.sskb.sk\/2022\/wp-content\/uploads\/2024\/06\/SSKB_Vybor_zapisnica_04_06_2024_definit.pdf\">4.6.2024<\/a><\/li><li><a href=\"https:\/\/www.sskb.sk\/2022\/wp-content\/uploads\/2024\/08\/SSKB_Vybor_zapisnica_07_09_2024_definit.pdf\">9.7.2024<\/a><\/li><li><a href=\"https:\/\/www.sskb.sk\/2022\/wp-content\/uploads\/2024\/10\/SSKB_Vybor_zapisnica_12_09_2024_definit.pdf\">12.9.2024<\/a><\/li><li><a href=\"https:\/\/www.sskb.sk\/2022\/wp-content\/uploads\/2024\/10\/SSKB_Vybor_zapisnica_01_10_2024_definit.pdf\">1.10.2024, online<\/a><\/li><\/ul><\/li><\/ul>\t\t\t\t\t\t\t\t<\/div>\n\t\t\t\t<\/div>\n\t\t\t\t\t<\/div>\n\t\t<\/div>\n\t\t\t\t\t<\/div>\n\t\t<\/section>\n\t\t\t\t<\/div>\n\t\t","protected":false},"excerpt":{"rendered":"<p>Z\u00e1pisnice z rokovania v\u00fdboru SSKB V tejto \u010dasti s\u00fa pre \u010dlenov SSKB k dispoz\u00edcii z\u00e1pisnice z rokovania v\u00fdboru SSKB v roku 2024. 11.1.2024, online 18.1.2024, online 8.2.2024, online \u00a07.3.2024 25.4.2024 4.6.2024 9.7.2024 12.9.2024 1.10.2024, online<\/p>\n","protected":false},"author":3471,"featured_media":0,"parent":264,"menu_order":0,"comment_status":"closed","ping_status":"closed","template":"","meta":{"footnotes":""},"class_list":["post-8915","page","type-page","status-publish","hentry"],"yoast_head":"<!-- This site is optimized with the Yoast SEO plugin v27.4 - https:\/\/yoast.com\/product\/yoast-seo-wordpress\/ -->\n<title>Z\u00e1pisnice 2024 - SSKB SLS<\/title>\n<meta name=\"robots\" content=\"index, follow, max-snippet:-1, max-image-preview:large, max-video-preview:-1\" \/>\n<link rel=\"canonical\" href=\"https:\/\/www.sskb.sk\/2022\/sskb-2\/vybor-sskb\/zapisnice\/zapisnice-2024\/\" \/>\n<meta property=\"og:locale\" content=\"sk_SK\" \/>\n<meta property=\"og:type\" content=\"article\" \/>\n<meta property=\"og:title\" content=\"Z\u00e1pisnice 2024 - SSKB SLS\" \/>\n<meta property=\"og:description\" content=\"Z\u00e1pisnice z rokovania v\u00fdboru SSKB V tejto \u010dasti s\u00fa pre \u010dlenov SSKB k dispoz\u00edcii z\u00e1pisnice z rokovania v\u00fdboru SSKB v roku 2024. 11.1.2024, online 18.1.2024, online 8.2.2024, online \u00a07.3.2024 25.4.2024 4.6.2024 9.7.2024 12.9.2024 1.10.2024, online\" \/>\n<meta property=\"og:url\" content=\"https:\/\/www.sskb.sk\/2022\/sskb-2\/vybor-sskb\/zapisnice\/zapisnice-2024\/\" \/>\n<meta property=\"og:site_name\" content=\"SSKB SLS\" \/>\n<meta property=\"article:modified_time\" content=\"2024-10-04T07:58:33+00:00\" \/>\n<meta name=\"twitter:card\" content=\"summary_large_image\" \/>\n<meta name=\"twitter:label1\" content=\"Predpokladan\u00fd \u010das \u010d\u00edtania\" \/>\n\t<meta name=\"twitter:data1\" content=\"1 min\u00fata\" \/>\n<script type=\"application\/ld+json\" class=\"yoast-schema-graph\">{\"@context\":\"https:\\\/\\\/schema.org\",\"@graph\":[{\"@type\":\"WebPage\",\"@id\":\"https:\\\/\\\/www.sskb.sk\\\/2022\\\/sskb-2\\\/vybor-sskb\\\/zapisnice\\\/zapisnice-2024\\\/\",\"url\":\"https:\\\/\\\/www.sskb.sk\\\/2022\\\/sskb-2\\\/vybor-sskb\\\/zapisnice\\\/zapisnice-2024\\\/\",\"name\":\"Z\u00e1pisnice 2024 - SSKB SLS\",\"isPartOf\":{\"@id\":\"https:\\\/\\\/www.sskb.sk\\\/2022\\\/#website\"},\"datePublished\":\"2024-01-25T15:25:35+00:00\",\"dateModified\":\"2024-10-04T07:58:33+00:00\",\"breadcrumb\":{\"@id\":\"https:\\\/\\\/www.sskb.sk\\\/2022\\\/sskb-2\\\/vybor-sskb\\\/zapisnice\\\/zapisnice-2024\\\/#breadcrumb\"},\"inLanguage\":\"sk-SK\",\"potentialAction\":[{\"@type\":\"ReadAction\",\"target\":[\"https:\\\/\\\/www.sskb.sk\\\/2022\\\/sskb-2\\\/vybor-sskb\\\/zapisnice\\\/zapisnice-2024\\\/\"]}]},{\"@type\":\"BreadcrumbList\",\"@id\":\"https:\\\/\\\/www.sskb.sk\\\/2022\\\/sskb-2\\\/vybor-sskb\\\/zapisnice\\\/zapisnice-2024\\\/#breadcrumb\",\"itemListElement\":[{\"@type\":\"ListItem\",\"position\":1,\"name\":\"Domovsk\u00e1 str\u00e1nka\",\"item\":\"https:\\\/\\\/www.sskb.sk\\\/2022\\\/\"},{\"@type\":\"ListItem\",\"position\":2,\"name\":\"Slovensk\u00e1 spolo\u010dnos\u0165 klinickej bioch\u00e9mie\",\"item\":\"https:\\\/\\\/www.sskb.sk\\\/2022\\\/sskb-2\\\/\"},{\"@type\":\"ListItem\",\"position\":3,\"name\":\"V\u00fdbor SSKB\",\"item\":\"https:\\\/\\\/www.sskb.sk\\\/2022\\\/sskb-2\\\/vybor-sskb\\\/\"},{\"@type\":\"ListItem\",\"position\":4,\"name\":\"Z\u00e1pisnice\",\"item\":\"https:\\\/\\\/www.sskb.sk\\\/2022\\\/sskb-2\\\/vybor-sskb\\\/zapisnice\\\/\"},{\"@type\":\"ListItem\",\"position\":5,\"name\":\"Z\u00e1pisnice 2024\"}]},{\"@type\":\"WebSite\",\"@id\":\"https:\\\/\\\/www.sskb.sk\\\/2022\\\/#website\",\"url\":\"https:\\\/\\\/www.sskb.sk\\\/2022\\\/\",\"name\":\"SSKB SLS\",\"description\":\"Slovensk\u00e1 spolo\u010dnos\u0165 klinickej bioch\u00e9mie\",\"publisher\":{\"@id\":\"https:\\\/\\\/www.sskb.sk\\\/2022\\\/#organization\"},\"potentialAction\":[{\"@type\":\"SearchAction\",\"target\":{\"@type\":\"EntryPoint\",\"urlTemplate\":\"https:\\\/\\\/www.sskb.sk\\\/2022\\\/?s={search_term_string}\"},\"query-input\":{\"@type\":\"PropertyValueSpecification\",\"valueRequired\":true,\"valueName\":\"search_term_string\"}}],\"inLanguage\":\"sk-SK\"},{\"@type\":\"Organization\",\"@id\":\"https:\\\/\\\/www.sskb.sk\\\/2022\\\/#organization\",\"name\":\"SSKB SLS\",\"url\":\"https:\\\/\\\/www.sskb.sk\\\/2022\\\/\",\"logo\":{\"@type\":\"ImageObject\",\"inLanguage\":\"sk-SK\",\"@id\":\"https:\\\/\\\/www.sskb.sk\\\/2022\\\/#\\\/schema\\\/logo\\\/image\\\/\",\"url\":\"https:\\\/\\\/www.sskb.sk\\\/2022\\\/wp-content\\\/uploads\\\/2022\\\/09\\\/logo_klinicka-biochemia_SK-100.png\",\"contentUrl\":\"https:\\\/\\\/www.sskb.sk\\\/2022\\\/wp-content\\\/uploads\\\/2022\\\/09\\\/logo_klinicka-biochemia_SK-100.png\",\"width\":100,\"height\":98,\"caption\":\"SSKB SLS\"},\"image\":{\"@id\":\"https:\\\/\\\/www.sskb.sk\\\/2022\\\/#\\\/schema\\\/logo\\\/image\\\/\"}}]}<\/script>\n<!-- \/ Yoast SEO plugin. -->","yoast_head_json":{"title":"Z\u00e1pisnice 2024 - SSKB SLS","robots":{"index":"index","follow":"follow","max-snippet":"max-snippet:-1","max-image-preview":"max-image-preview:large","max-video-preview":"max-video-preview:-1"},"canonical":"https:\/\/www.sskb.sk\/2022\/sskb-2\/vybor-sskb\/zapisnice\/zapisnice-2024\/","og_locale":"sk_SK","og_type":"article","og_title":"Z\u00e1pisnice 2024 - SSKB SLS","og_description":"Z\u00e1pisnice z rokovania v\u00fdboru SSKB V tejto \u010dasti s\u00fa pre \u010dlenov SSKB k dispoz\u00edcii z\u00e1pisnice z rokovania v\u00fdboru SSKB v roku 2024. 11.1.2024, online 18.1.2024, online 8.2.2024, online \u00a07.3.2024 25.4.2024 4.6.2024 9.7.2024 12.9.2024 1.10.2024, online","og_url":"https:\/\/www.sskb.sk\/2022\/sskb-2\/vybor-sskb\/zapisnice\/zapisnice-2024\/","og_site_name":"SSKB SLS","article_modified_time":"2024-10-04T07:58:33+00:00","twitter_card":"summary_large_image","twitter_misc":{"Predpokladan\u00fd \u010das \u010d\u00edtania":"1 min\u00fata"},"schema":{"@context":"https:\/\/schema.org","@graph":[{"@type":"WebPage","@id":"https:\/\/www.sskb.sk\/2022\/sskb-2\/vybor-sskb\/zapisnice\/zapisnice-2024\/","url":"https:\/\/www.sskb.sk\/2022\/sskb-2\/vybor-sskb\/zapisnice\/zapisnice-2024\/","name":"Z\u00e1pisnice 2024 - SSKB SLS","isPartOf":{"@id":"https:\/\/www.sskb.sk\/2022\/#website"},"datePublished":"2024-01-25T15:25:35+00:00","dateModified":"2024-10-04T07:58:33+00:00","breadcrumb":{"@id":"https:\/\/www.sskb.sk\/2022\/sskb-2\/vybor-sskb\/zapisnice\/zapisnice-2024\/#breadcrumb"},"inLanguage":"sk-SK","potentialAction":[{"@type":"ReadAction","target":["https:\/\/www.sskb.sk\/2022\/sskb-2\/vybor-sskb\/zapisnice\/zapisnice-2024\/"]}]},{"@type":"BreadcrumbList","@id":"https:\/\/www.sskb.sk\/2022\/sskb-2\/vybor-sskb\/zapisnice\/zapisnice-2024\/#breadcrumb","itemListElement":[{"@type":"ListItem","position":1,"name":"Domovsk\u00e1 str\u00e1nka","item":"https:\/\/www.sskb.sk\/2022\/"},{"@type":"ListItem","position":2,"name":"Slovensk\u00e1 spolo\u010dnos\u0165 klinickej bioch\u00e9mie","item":"https:\/\/www.sskb.sk\/2022\/sskb-2\/"},{"@type":"ListItem","position":3,"name":"V\u00fdbor SSKB","item":"https:\/\/www.sskb.sk\/2022\/sskb-2\/vybor-sskb\/"},{"@type":"ListItem","position":4,"name":"Z\u00e1pisnice","item":"https:\/\/www.sskb.sk\/2022\/sskb-2\/vybor-sskb\/zapisnice\/"},{"@type":"ListItem","position":5,"name":"Z\u00e1pisnice 2024"}]},{"@type":"WebSite","@id":"https:\/\/www.sskb.sk\/2022\/#website","url":"https:\/\/www.sskb.sk\/2022\/","name":"SSKB SLS","description":"Slovensk\u00e1 spolo\u010dnos\u0165 klinickej bioch\u00e9mie","publisher":{"@id":"https:\/\/www.sskb.sk\/2022\/#organization"},"potentialAction":[{"@type":"SearchAction","target":{"@type":"EntryPoint","urlTemplate":"https:\/\/www.sskb.sk\/2022\/?s={search_term_string}"},"query-input":{"@type":"PropertyValueSpecification","valueRequired":true,"valueName":"search_term_string"}}],"inLanguage":"sk-SK"},{"@type":"Organization","@id":"https:\/\/www.sskb.sk\/2022\/#organization","name":"SSKB SLS","url":"https:\/\/www.sskb.sk\/2022\/","logo":{"@type":"ImageObject","inLanguage":"sk-SK","@id":"https:\/\/www.sskb.sk\/2022\/#\/schema\/logo\/image\/","url":"https:\/\/www.sskb.sk\/2022\/wp-content\/uploads\/2022\/09\/logo_klinicka-biochemia_SK-100.png","contentUrl":"https:\/\/www.sskb.sk\/2022\/wp-content\/uploads\/2022\/09\/logo_klinicka-biochemia_SK-100.png","width":100,"height":98,"caption":"SSKB SLS"},"image":{"@id":"https:\/\/www.sskb.sk\/2022\/#\/schema\/logo\/image\/"}}]}},"_links":{"self":[{"href":"https:\/\/www.sskb.sk\/2022\/wp-json\/wp\/v2\/pages\/8915","targetHints":{"allow":["GET"]}}],"collection":[{"href":"https:\/\/www.sskb.sk\/2022\/wp-json\/wp\/v2\/pages"}],"about":[{"href":"https:\/\/www.sskb.sk\/2022\/wp-json\/wp\/v2\/types\/page"}],"author":[{"embeddable":true,"href":"https:\/\/www.sskb.sk\/2022\/wp-json\/wp\/v2\/users\/3471"}],"replies":[{"embeddable":true,"href":"https:\/\/www.sskb.sk\/2022\/wp-json\/wp\/v2\/comments?post=8915"}],"version-history":[{"count":5,"href":"https:\/\/www.sskb.sk\/2022\/wp-json\/wp\/v2\/pages\/8915\/revisions"}],"predecessor-version":[{"id":9385,"href":"https:\/\/www.sskb.sk\/2022\/wp-json\/wp\/v2\/pages\/8915\/revisions\/9385"}],"up":[{"embeddable":true,"href":"https:\/\/www.sskb.sk\/2022\/wp-json\/wp\/v2\/pages\/264"}],"wp:attachment":[{"href":"https:\/\/www.sskb.sk\/2022\/wp-json\/wp\/v2\/media?parent=8915"}],"curies":[{"name":"wp","href":"https:\/\/api.w.org\/{rel}","templated":true}]}}